0053792 is divided by 1675628?
24
Calculate the remainder when 130403 is divided by 75.
53
Calculate the remainder when 247268 is divided by 6179.
108
Calculate the remainder when 953831 is divided by 317775.
506
Calculate the remainder when 11775920 is divided by 845.
0
Calculate the remainder when 2266154 is divided by 392.
2
Calculate the remainder when 2115456 is divided by 9838.
286
Calculate the remainder when 102052 is divided by 911.
20
What is the remainder when 3237803 is divided by 27439?
1
Calculate the remainder when 1493749 is divided by 10.
9
What is the remainder when 44387 is divided by 14493?
908
What is the remainder when 294362 is divided by 429?
68
Calculate the remainder when 238143 is divided by 3841.
1
What is the remainder when 614054 is divided by 1446?
950
Calculate the remainder when 5625572 is divided by 904.
884
Calculate the remainder when 1606749 is divided by 247.
14
What is the remainder when 7334835 is divided by 1553?
16
What is the remainder when 5779866 is divided by 2341?
2278
Calculate the remainder when 15105991 is divided by 13846.
5
What is the remainder when 87260568 is divided by 103?
101
Calculate the remainder when 226655 is divided by 1095.
1085
What is the remainder when 27619314 is divided by 5918?
8
Calculate the remainder when 285527 is divided by 94804.
1115
What is the remainder when 216921 is divided by 3057?
2931
What is the remainder when 281323 is divided by 93699?
226
Calculate the remainder when 17563583 is divided by 79.
66
Calculate the remainder when 32130409 is divided by 7.
3
What is the remainder when 728197 is divided by 91021?
29
What is the remainder when 116472 is divided by 6835?
277
Calculate the remainder when 1297365 is divided by 16.
5
What is the remainder when 5530907 is divided by 1416?
11
Calculate the remainder when 788552 is divided by 2817.
2609
What is the remainder when 4336 is divided by 4117?
219
Calculate the remainder when 4030337 is divided by 7706.
99
What is the remainder when 113861858 is divided by 12196?
2
What is the remainder when 482555 is divided by 509?
23
What is the remainder when 1224487 is divided by 25?
12
Calculate the remainder when 32584270 is divided by 42.
40
Calculate the remainder when 277178 is divided by 299.
5
Calculate the remainder when 132708547 is divided by 130.
127
Calculate the remainder when 140282570 is divided by 999.
992
What is the remainder when 24705302 is divided by 26?
24
What is the remainder when 1714215 is divided by 1136?
1127
What is the remainder when 1023608 is divided by 42?
26
Calculate the remainder when 1397758 is divided by 48.
46
Calculate the remainder when 219762 is divided by 13731.
66
Calculate the remainder when 671967 is divided by 5420.
5307
What is the remainder when 315907 is divided by 44760?
2587
What is the remainder when 2077267 is divided by 2077252?
15
What is the remainder when 46127515 is divided by 1648?
1643
Calculate the remainder when 2357714 is divided by 589421.
30
What is the remainder when 2772023 is divided by 21160?
63
Calculate the remainder when 1047642 is divided by 853.
158
What is the remainder when 999540 is divided by 333034?
438
What is the remainder when 4681086 is divided by 297?
69
Calculate the remainder when 1309632 is divided by 10477.
7
Calculate the remainder when 45934 is divided by 156.
70
What is the remainder when 5148560 is divided by 6122?
6080
Calculate the remainder when 9550754 is divided by 12059.
26
What is the remainder when 2787010 is divided by 1196?
330
What is the remainder when 1743008 is divided by 174297?
38
Calculate the remainder when 83321848 is divided by 3085994.
10
Calculate the remainder when 349086 is divided by 629.
620
Calculate the remainder when 197643235 is divided by 812.
811
What is the remainder when 14228994 is divided by 4742950?
144
What is the remainder when 5463713 is divided by 37421?
247
What is the remainder when 307324 is divided by 102423?
55
What is the remainder when 243499 is divided by 5453?
3567
What is the remainder when 7099186 is divided by 3264?
3250
What is the remainder when 188084 is divided by 12632?
11236
What is the remainder when 177714 is divided by 44394?
138
Calculate the remainder when 49461241 is divided by 3295.
3291
What is the remainder when 8525889 is divided by 1217984?
1
Calculate the remainder when 971480 is divided by 66.
26
Calculate the remainder when 8067989 is divided by 30.
29
What is the remainder when 10594698 is divided by 106?
104
Calculate the remainder when 25920 is divided by 311.
107
What is the remainder when 7441582 is divided by 433?
44
Calculate the remainder when 31668821 is divided by 88.
85
What is the remainder when 58111086 is divided by 2459?
2457
Calculate the remainder when 76399 is divided by 2227.
681
What is the remainder when 103782 is divided by 59?
1
Calculate the remainder when 19680200 is divided by 1521.
1502
What is the remainder when 811273 is divided by 134?
37
What is the remainder when 676518 is divided by 1662?
84
Calculate the remainder when 13437061 is divided by 1119755.
1
What is the remainder when 2684976 is divided by 10783?
9
Calculate the remainder when 10584015 is divided by 10584.
15
Calculate the remainder when 117420177 is divided by 1325.
2
What is the remainder when 6881488 is divided by 6106?
26
What is the remainder when 22471382 is divided by 1650?
32
What is the remainder when 1055462 is divided by 98?
2
What is the remainder when 184973 is divided by 30765?
383
What is the remainder when 24614 is divided by 24524?
90
What is the remainder when 101460 is divided by 4530?
1800
Calculate the remainder when 53587803 is divided by 190.
13
Calculate the remainder when 1582565 is divided by 163.
161
What is the remainder when 4400643 is divided by 64715?
23
What is the remainder when 2128475 is divided by 76013?
111
What is the remainder when 1251801 is divided by 312941?
37
What is the remainder when 7985424 is divided by 17?
14
What is the remainder when 28269362 is divided by 98?
86
What is the remainder when 328308 is divided by 118?
32
What is the remainder when 2890573 is divided by 54538?
59
What is the remainder when 13105788 is divided by 9773?
195
Calculate the remainder when 159540 is divided by 5731.
4803
What is the remainder when 2540463 is divided by 96?
15
Calculate the remainder when 382946772 is divided by 6576.
6564
What is the remainder when 14866249 is divided by 25?
24
What is the remainder when 268306858 is divided by 113?
110
Calculate the remainder when 2196597 is divided by 3649.
3548
What is the remainder when 11733 is divided by 3821?
270
What is the remainder when 34508868 is divided by 202?
198
What is the remainder when 194991 is divided by 20?
11
What is the remainder when 41244405 is divided by 118?
101
Calculate the remainder when 8984341 is divided by 75.
16
What is the remainder when 1015263 is divided by 129?
33
Calculate the remainder when 465128700 is divided by 818.
812
Calculate the remainder when 401142 is divided by 280.
182
What is the remainder when 181938 is divided by 135?
93
What is the remainder when 45801 is divided by 1598?
1057
Calculate the remainder when 3151814 is divided by 6625.
4939
What is the remainder when 861738 is divided by 1183?
514
Calculate the remainder when 1410188 is divided by 257.
29
What is the remainder when 7001720 is divided by 875209?
48
Calculate the remainder when 33777 is divided by 4145.
617
What is the remainder when 297911 is divided by 30?
11
Calculate the remainder when 2087197072 is divided by 587.
585
What is the remainder when 219367089 is divided by 1665?
9
What is the remainder when 674184595 is divided by 513?
508
What is the remainder when 6624 is divided by 6609?
15
What is the remainder when 9418179 is divided by 220?
199
What is the remainder when 1276169 is divided by 53159?
353
What is the remainder when 7623575 is divided by 58?
55
What is the remainder when 3871778 is divided by 276553?
36
Calculate the remainder when 706041 is divided by 805.
56
Calculate the remainder when 795173 is divided by 2165.
618
What is the remainder when 3207048 is divided by 9?
6
Calculate the remainder when 7081 is divided by 2326.
103
What is the remainde